{"id":1399,"date":"2025-03-10T21:12:43","date_gmt":"2025-03-10T20:12:43","guid":{"rendered":"http:\/\/www.straniknj.cz\/?page_id=1399"},"modified":"2025-03-10T21:12:43","modified_gmt":"2025-03-10T20:12:43","slug":"zdravotnictvi-2","status":"publish","type":"page","link":"https:\/\/www.straniknj.cz\/?page_id=1399","title":{"rendered":"Zdravotnictv\u00ed"},"content":{"rendered":"\n<div class=\"wp-block-uagb-container uagb-block-tsyhxnpv alignfull uagb-is-root-container\"><div class=\"uagb-container-inner-blocks-wrap\">\n<div class=\"wp-block-uagb-info-box uagb-block-6oolpwqp uagb-infobox__content-wrap  uagb-infobox-icon-above-title uagb-infobox-image-valign-top\"><div class=\"uagb-ifb-content\"><div class=\"uagb-ifb-title-wrap\"><p class=\"uagb-ifb-title-prefix\">Zdrav\u00ed nade v\u0161e<\/p><h1 class=\"uagb-ifb-title\">Zdravotnictv\u00ed<\/h1><\/div><\/div><\/div>\n<\/div><\/div>\n\n\n\n<div class=\"wp-block-uagb-container uagb-block-r4rpfbhj alignfull uagb-is-root-container\">\n<div class=\"wp-block-uagb-info-box uagb-block-zxowvxsl uagb-infobox__content-wrap  uagb-infobox-icon-above-title uagb-infobox-image-valign-top\"><div class=\"uagb-ifb-content\"><div class=\"uagb-ifb-title-wrap\"><h2 class=\"uagb-ifb-title\">Stranick\u00e9 pobo\u010dky zat\u00edm nem\u00e1me, ale v Okol\u00ed Stran\u00edku naleznete&#8230;<\/h2><\/div><\/div><\/div>\n\n\n\n<div class=\"wp-block-uagb-container uagb-block-d0m4nlyg\">\n<div id=\"mladezH\" class=\"wp-block-uagb-container uagb-block-iu0fli4o\">\n<div class=\"wp-block-uagb-info-box uagb-block-loj0mzpu uagb-infobox__content-wrap  uagb-infobox-icon-above-title uagb-infobox-image-valign-top\" id=\"mladezM\"><div class=\"uagb-ifb-content\"><div class=\"uagb-ifb-title-wrap\"><h3 class=\"uagb-ifb-title\"><strong>PRAKTICK\u00dd L\u00c9KA\u0158 PRO ML\u00c1DE\u017d A DOROST<\/strong><\/h3><\/div><p class=\"uagb-ifb-desc\">MUDr. Olga Vahalov\u00e1<\/p><div class=\"uagb-ifb-button-wrapper wp-block-button\"><a href=\"#\" class=\"uagb-infobox-cta-link wp-block-button__link\" target=\"_self\" rel=\"noopener noreferrer\" onclick=\"return false;\"><span class=\"uagb-inline-editing\">\u010c\u00edst V\u00edce <\/span><svg xmlns=\"https:\/\/www.w3.org\/2000\/svg\" viewBox=\"0 0 384 512\"><path d=\"M192 384c-8.188 0-16.38-3.125-22.62-9.375l-160-160c-12.5-12.5-12.5-32.75 0-45.25s32.75-12.5 45.25 0L192 306.8l137.4-137.4c12.5-12.5 32.75-12.5 45.25 0s12.5 32.75 0 45.25l-160 160C208.4 380.9 200.2 384 192 384z\"><\/path><\/svg><\/a><\/div><\/div><\/div>\n<\/div>\n\n\n\n<div id=\"dospeliH\" class=\"wp-block-uagb-container uagb-block-xidx67i4\">\n<div class=\"wp-block-uagb-info-box uagb-block-q2nc8at4 uagb-infobox__content-wrap  uagb-infobox-icon-above-title uagb-infobox-image-valign-top\" id=\"dospeliM\"><div class=\"uagb-ifb-content\"><div class=\"uagb-ifb-title-wrap\"><h3 class=\"uagb-ifb-title\"><strong>PRAKTICK\u00dd L\u00c9KA\u0158 PRO DOSP\u011aL\u00c9<\/strong><\/h3><\/div><p class=\"uagb-ifb-desc\">MUDr. Radek \u0160evela<\/p><div class=\"uagb-ifb-button-wrapper wp-block-button\"><a href=\"#\" class=\"uagb-infobox-cta-link wp-block-button__link\" target=\"_self\" rel=\"noopener noreferrer\" onclick=\"return false;\"><span class=\"uagb-inline-editing\">\u010c\u00edst v\u00edce<\/span><svg xmlns=\"https:\/\/www.w3.org\/2000\/svg\" viewBox=\"0 0 384 512\"><path d=\"M192 384c-8.188 0-16.38-3.125-22.62-9.375l-160-160c-12.5-12.5-12.5-32.75 0-45.25s32.75-12.5 45.25 0L192 306.8l137.4-137.4c12.5-12.5 32.75-12.5 45.25 0s12.5 32.75 0 45.25l-160 160C208.4 380.9 200.2 384 192 384z\"><\/path><\/svg><\/a><\/div><\/div><\/div>\n<\/div>\n<\/div>\n<\/div>\n\n\n\n<div class=\"wp-block-uagb-container uagb-block-aefcf2d4 alignfull uagb-is-root-container\"><div class=\"uagb-container-inner-blocks-wrap\">\n<div id=\"mladez\" class=\"wp-block-uagb-container uagb-block-29093253\">\t\t\t<div \n\t\t\tclass=\"wp-block-uagb-google-map uagb-google-map__wrap uagb-block-c5ed46a2     \"\n\t\t\tstyle=\"\" >\n\t\t\t\t<embed\n\t\t\t\t\tclass=\"uagb-google-map__iframe\"\n\t\t\t\t\ttitle=\"Google Mapy pro \"\n\t\t\t\t\tsrc=\"https:\/\/maps.google.com\/maps?q=MUDr.%20Olga%20Vahalov%C3%A1&#038;z=12&#038;hl=cs&#038;t=m&#038;output=embed&#038;iwloc=near\"\n\t\t\t\t\twidth=\"640\"\n\t\t\t\t\theight=\"300\"\n\t\t\t\t\tloading=\"lazy\"\n\t\t\t\t><\/embed>\n\t\t\t<\/div>\n\t\t\t\n\n\n<div class=\"wp-block-uagb-advanced-heading uagb-block-2eb98e47\"><h2 class=\"uagb-heading-text\">Ordina\u010dn\u00ed hodiny:<\/h2><\/div>\n\n\n\n<div class=\"wp-block-uagb-advanced-heading uagb-block-c914be59\"><p class=\"uagb-heading-text\">Pond\u011bl\u00ed&nbsp;&nbsp;&nbsp;&nbsp; 07.00 \u2013 10.00 hod.<br>\u00dater\u00fd&nbsp;&nbsp;&nbsp;&nbsp;&nbsp;&nbsp;&nbsp; 07.00 \u2013 10.00 hod.<br>St\u0159eda&nbsp;&nbsp;&nbsp;&nbsp;&nbsp; 13.00 \u2013 16.00 hod.<br>\u010ctvrtek&nbsp;&nbsp;&nbsp;&nbsp; 12.00 \u2013 13.30 hod.<br>P\u00e1tek&nbsp;&nbsp;&nbsp;&nbsp;&nbsp;&nbsp;&nbsp; 07.00 \u2013 10.00 hod.<\/p><\/div>\n\n\n\n<div class=\"wp-block-uagb-advanced-heading uagb-block-7d30999d\"><h2 class=\"uagb-heading-text\">Telefon<\/h2><\/div>\n\n\n\n<div class=\"wp-block-uagb-advanced-heading uagb-block-3777508e\"><h4 class=\"uagb-heading-text\">+420 556 750 002<\/h4><\/div>\n<\/div>\n\n\n\n<div id=\"dospeli\" class=\"wp-block-uagb-container uagb-block-7ff40dd2\">\t\t\t<div \n\t\t\tclass=\"wp-block-uagb-google-map uagb-google-map__wrap uagb-block-4cda7da2     \"\n\t\t\tstyle=\"\" >\n\t\t\t\t<embed\n\t\t\t\t\tclass=\"uagb-google-map__iframe\"\n\t\t\t\t\ttitle=\"Google Mapy pro \"\n\t\t\t\t\tsrc=\"https:\/\/maps.google.com\/maps?q=Radek%20%C5%A0evela&#038;z=12&#038;hl=en&#038;t=m&#038;output=embed&#038;iwloc=near\"\n\t\t\t\t\twidth=\"640\"\n\t\t\t\t\theight=\"300\"\n\t\t\t\t\tloading=\"lazy\"\n\t\t\t\t><\/embed>\n\t\t\t<\/div>\n\t\t\t\n\n\n<div class=\"wp-block-uagb-advanced-heading uagb-block-fcf83ffb\"><h2 class=\"uagb-heading-text\">Ordina\u010dn\u00ed hodiny:<\/h2><\/div>\n\n\n\n<div class=\"wp-block-uagb-advanced-heading uagb-block-bdb423b2\"><h5 class=\"uagb-heading-text\">Pond\u011bl\u00ed<\/h5><\/div>\n\n\n\n<div class=\"wp-block-uagb-advanced-heading uagb-block-eae80e36\"><p class=\"uagb-heading-text\">13.00 \u2013 15.00 hod. \u2013 akutn\u00ed p\u0159\u00edpady<br>15.00 \u2013 18.00 hod. \u2013 objednan\u00ed pacienti<\/p><\/div>\n\n\n\n<div class=\"wp-block-uagb-advanced-heading uagb-block-ed9114d5\"><h5 class=\"uagb-heading-text\">\u00dater\u00fd, St\u0159eda, \u010ctvrtek, P\u00e1tek<\/h5><\/div>\n\n\n\n<div class=\"wp-block-uagb-advanced-heading uagb-block-1fb4406a\"><p class=\"uagb-heading-text\">\u00dater\u00fd, St\u0159eda, \u010ctvrtek, P\u00e1tek<br>07.00 \u2013 09.00 hod. \u2013 akutn\u00ed p\u0159\u00edpady<br>09.00 \u2013 12.00 hod. \u2013 objednan\u00ed pacienti<\/p><\/div>\n\n\n\t\t\t<div \n\t\t\tclass=\"wp-block-uagb-google-map uagb-google-map__wrap uagb-block-4f34ccec     \"\n\t\t\tstyle=\"\" >\n\t\t\t\t<embed\n\t\t\t\t\tclass=\"uagb-google-map__iframe\"\n\t\t\t\t\ttitle=\"Google Mapy pro \"\n\t\t\t\t\tsrc=\"https:\/\/maps.google.com\/maps?q=MUDr.%20Olga%20Vahalov%C3%A1&#038;z=12&#038;hl=cs&#038;t=m&#038;output=embed&#038;iwloc=near\"\n\t\t\t\t\twidth=\"640\"\n\t\t\t\t\theight=\"300\"\n\t\t\t\t\tloading=\"lazy\"\n\t\t\t\t><\/embed>\n\t\t\t<\/div>\n\t\t\t\n\n\n<div class=\"wp-block-uagb-advanced-heading uagb-block-4c3d92b4\"><h5 class=\"uagb-heading-text\">Pond\u011bl\u00ed<\/h5><\/div>\n\n\n\n<div class=\"wp-block-uagb-advanced-heading uagb-block-90c926d2\"><p class=\"uagb-heading-text\">08.00 \u2013 09.00 hod. \u2013 akutn\u00ed p\u0159\u00edpady<br>09.00 \u2013 10.30 hod. \u2013 objednan\u00ed pacienti<\/p><\/div>\n\n\n\n<div class=\"wp-block-uagb-advanced-heading uagb-block-b3e31c02\"><h5 class=\"uagb-heading-text\">\u010ctvrtek<\/h5><\/div>\n\n\n\n<div class=\"wp-block-uagb-advanced-heading uagb-block-49d21e7d\"><p class=\"uagb-heading-text\">12.30 \u2013 13.30 hod. \u2013 akutn\u00ed p\u0159\u00edpady<br>13.30 \u2013 15.00 hod. \u2013 objednan\u00ed pacienti<\/p><\/div>\n\n\n\n<div class=\"wp-block-uagb-advanced-heading uagb-block-b785181f\"><h2 class=\"uagb-heading-text\">Telefon<\/h2><\/div>\n\n\n\n<div class=\"wp-block-uagb-container uagb-block-2ddebbaa\">\n<div class=\"wp-block-uagb-advanced-heading uagb-block-01dd1971\"><h4 class=\"uagb-heading-text\">Nov\u00fd Ji\u010d\u00edn: +420 598 598 020<\/h4><\/div>\n\n\n\n<div class=\"wp-block-uagb-advanced-heading uagb-block-10018256\"><h4 class=\"uagb-heading-text\">Hodslavice: +420 556 750 335<\/h4><\/div>\n<\/div>\n<\/div>\n<\/div><\/div>\n\n\n\n<p><\/p>\n","protected":false},"excerpt":{"rendered":"<p>Ordina\u010dn\u00ed hodiny: Pond\u011bl\u00ed&nbsp;&nbsp;&nbsp;&nbsp; 07.00 \u2013 10.00 hod.\u00dater\u00fd&nbsp;&nbsp;&nbsp;&nbsp;&nbsp;&nbsp;&nbsp; 07.00 \u2013 10.00 hod.St\u0159eda&nbsp;&nbsp;&nbsp;&nbsp;&nbsp; 13.00 \u2013 16.00 hod.\u010ctvrtek&nbsp;&nbsp;&nbsp;&nbsp; 12.00 \u2013 13.30 hod.P\u00e1tek&nbsp;&nbsp;&nbsp;&nbsp;&nbsp;&nbsp;&nbsp; 07.00 \u2013 10.00 hod. Telefon +420 556 750 002 Ordina\u010dn\u00ed hodiny: [&hellip;]<\/p>\n","protected":false},"author":3,"featured_media":0,"parent":0,"menu_order":0,"comment_status":"closed","ping_status":"closed","template":"","meta":{"content-type":"","_uag_custom_page_level_css":"","site-sidebar-layout":"default","site-content-layout":"","ast-site-content-layout":"","site-content-style":"default","site-sidebar-style":"default","ast-global-header-display":"","ast-banner-title-visibility":"","ast-main-header-display":"","ast-hfb-above-header-display":"","ast-hfb-below-header-display":"","ast-hfb-mobile-header-display":"","site-post-title":"disabled","ast-breadcrumbs-content":"","ast-featured-img":"","footer-sml-layout":"","ast-disable-related-posts":"","theme-transparent-header-meta":"","adv-header-id-meta":"","stick-header-meta":"","header-above-stick-meta":"","header-main-stick-meta":"","header-below-stick-meta":"","astra-migrate-meta-layouts":"default","ast-page-background-enabled":"default","ast-page-background-meta":{"desktop":{"background-color":"var(--ast-global-color-4)","background-image":"","background-repeat":"repeat","background-position":"center center","background-size":"auto","background-attachment":"scroll","background-type":"","background-media":"","overlay-type":"","overlay-color":"","overlay-opacity":"","overlay-gradient":""},"tablet":{"background-color":"","background-image":"","background-repeat":"repeat","background-position":"center center","background-size":"auto","background-attachment":"scroll","background-type":"","background-media":"","overlay-type":"","overlay-color":"","overlay-opacity":"","overlay-gradient":""},"mobile":{"background-color":"","background-image":"","background-repeat":"repeat","background-position":"center center","background-size":"auto","background-attachment":"scroll","background-type":"","background-media":"","overlay-type":"","overlay-color":"","overlay-opacity":"","overlay-gradient":""}},"ast-content-background-meta":{"desktop":{"background-color":"var(--ast-global-color-5)","background-image":"","background-repeat":"repeat","background-position":"center center","background-size":"auto","background-attachment":"scroll","background-type":"","background-media":"","overlay-type":"","overlay-color":"","overlay-opacity":"","overlay-gradient":""},"tablet":{"background-color":"var(--ast-global-color-5)","background-image":"","background-repeat":"repeat","background-position":"center center","background-size":"auto","background-attachment":"scroll","background-type":"","background-media":"","overlay-type":"","overlay-color":"","overlay-opacity":"","overlay-gradient":""},"mobile":{"background-color":"var(--ast-global-color-5)","background-image":"","background-repeat":"repeat","background-position":"center center","background-size":"auto","background-attachment":"scroll","background-type":"","background-media":"","overlay-type":"","overlay-color":"","overlay-opacity":"","overlay-gradient":""}},"footnotes":""},"class_list":["post-1399","page","type-page","status-publish","hentry"],"uagb_featured_image_src":{"full":false,"thumbnail":false,"medium":false,"medium_large":false,"large":false,"1536x1536":false,"2048x2048":false},"uagb_author_info":{"display_name":"Michal Kyja\u0148a","author_link":"https:\/\/www.straniknj.cz\/?author=3"},"uagb_comment_info":0,"uagb_excerpt":"Ordina\u010dn\u00ed hodiny: Pond\u011bl\u00ed&nbsp;&nbsp;&nbsp;&nbsp; 07.00 \u2013 10.00 hod.\u00dater\u00fd&nbsp;&nbsp;&nbsp;&nbsp;&nbsp;&nbsp;&nbsp; 07.00 \u2013 10.00 hod.St\u0159eda&nbsp;&nbsp;&nbsp;&nbsp;&nbsp; 13.00 \u2013 16.00 hod.\u010ctvrtek&nbsp;&nbsp;&nbsp;&nbsp; 12.00 \u2013 13.30 hod.P\u00e1tek&nbsp;&nbsp;&nbsp;&nbsp;&nbsp;&nbsp;&nbsp; 07.00 \u2013 10.00 hod. Telefon +420 556 750 002 Ordina\u010dn\u00ed hodiny: [&hellip;]","_links":{"self":[{"href":"https:\/\/www.straniknj.cz\/index.php?rest_route=\/wp\/v2\/pages\/1399","targetHints":{"allow":["GET"]}}],"collection":[{"href":"https:\/\/www.straniknj.cz\/index.php?rest_route=\/wp\/v2\/pages"}],"about":[{"href":"https:\/\/www.straniknj.cz\/index.php?rest_route=\/wp\/v2\/types\/page"}],"author":[{"embeddable":true,"href":"https:\/\/www.straniknj.cz\/index.php?rest_route=\/wp\/v2\/users\/3"}],"replies":[{"embeddable":true,"href":"https:\/\/www.straniknj.cz\/index.php?rest_route=%2Fwp%2Fv2%2Fcomments&post=1399"}],"version-history":[{"count":6,"href":"https:\/\/www.straniknj.cz\/index.php?rest_route=\/wp\/v2\/pages\/1399\/revisions"}],"predecessor-version":[{"id":1408,"href":"https:\/\/www.straniknj.cz\/index.php?rest_route=\/wp\/v2\/pages\/1399\/revisions\/1408"}],"wp:attachment":[{"href":"https:\/\/www.straniknj.cz\/index.php?rest_route=%2Fwp%2Fv2%2Fmedia&parent=1399"}],"curies":[{"name":"wp","href":"https:\/\/api.w.org\/{rel}","templated":true}]}}